**4/12 + v**3/2 + 33*v**2/2 + 37*v. Let y(l) be the first derivative of m(l). Determine y(-9).
-15
Let l(p) = p - 2. Let d = -308 + 310. Let g(r) = 6*r - 5. Let s(n) = d*g(n) - 11*l(n). Determine s(-11).
1
Let g(r) = 4*r + 1 + 3*r - 2*r. Let w(v) = -25*v**2 + 7*v**2 + 10*v**2 + 8*v**2 + 15 - v**2 + 6*v. Let d be w(8). Determine g(d).
-4
Let f(x) = 4*x - 7. Let t(a) = -a**3 + 4*a - 3. Let o be t(2). Let b(q) = 11*q - 20. Let n(j) = o*b(j) + 8*f(j). Suppose -8*m + 77 = 37. Determine n(m).
-1
Let p = -327 - -328. Let n(m) = 7*m**2 + m - 22. Let c(w) = w**2. Let v(k) = p*n(k) - 6*c(k). What is v(0)?
-22
Let m(t) = 18*t + 23. Suppose -3*s + 2*r = 16, 44*s - 2 = 40*s - 2*r. Determine m(s).
-13
Let j = 103 + -99. Suppose -3*o + 15 = -j*f, 25*f = 23*f + 3*o - 3. Let q(k) = -k**2 - 2*k + 5. Determine q(f).
-19
Let y(m) = -m**2 - m + 7. Suppose -2*v = n + 1, -129*n - 2*v - 19 = -134*n. Calculate y(n).
-5
Let p(i) = 5*i**3 - 2*i**2 - 4*i - 3. Let n(g) = 11*g + 49. Let l be n(-4). Suppose a = -c + 3, 0 = l*c + a - 0 + 1. Calculate p(c).
-6
Let l(q) = 3*q + 3. Let o(g) = -4*g - 4. Let k(d) = -5*l(d) - 4*o(d). Let b(w) = -w - 20. Let a(m) = b(m) + 5*k(m). Calculate a(6).
9
Let m(o) = 0*o**2 + 2*o + 0 - 3 - 3*o**2. Let y = 100499 - 100496. Determine m(y).
-24
Let p(a) = -12*a - 3. Let c(q) be the first derivative of -13*q**2/2 - 4*q - 7. Let n(l) = 4*c(l) - 5*p(l). What is n(-1)?
-9
Let a(o) be the third derivative of 0 + 1/6*o**3 - o**2 + 1/4*o**4 - 33*o. Suppose -6 = 2*m - 8. Determine a(m).
7
Let g be (-8)/(0 + (-2)/5). Let p be 10/(-3)*24/g. Let n(x) = 6*x - 76. Let a(l) = 5*l - 61. Let m(h) = -5*a(h) + 4*n(h). What is m(p)?
5
Let o(g) = -7*g + 413. Let q(a) = 7*a - 423. Let h(k) = 6*o(k) + 5*q(k). What is h(51)?
6
Suppose -4*w = -4*l - 32, -3*w - 3*l + 28 = -7*l. Suppose -4*s - p = -23 + 6, 8 = -4*s + w*p. Let j(z) = 3*z + s + 0 - 4 + 0*z. Calculate j(-3).
-10
Let c(a) = -1513 - 1446 - 1484 - 1468 + 22*a + 6025 + a**2. What is c(-14)?
2
Let r(j) = 24*j - 379*j**2 - 25*j + 2 + 389*j**2. Calculate r(-2).
44
Let z = 53 - 46. Let o be 32/(-112) - 19/z. Let w be -6 - o/2*4/2. Let j(d) = d**2 - 4*d - 1. Calculate j(w).
20
Let o be (-38)/(-4) + (-2)/(-4). Let r(n) = o - n - 4 + 2*n. Suppose -609*k = -369*k + 2400. Give r(k).
-4
Let s(r) = -5*r + 1. Suppose 4*l - 3*q = -0*q + 53, 3 = -q. Let h(d) = 14. Let x(o) = -5. Let y(v) = l*x(v) + 4*h(v). Let z(u) = -s(u) + 2*y(u). Give z(2).
11
Let g(u) = 5*u + 0*u + 3*u - 26. Let p(o) = 2197*o - 21966. Let b be p(10). Calculate g(b).
6
Let r(z) = -3*z - 8. Suppose 0 = -3*s + 12. Suppose 0 = -h - h - s*m - 26, -3 = m. Determine r(h).
13
Let a(l) = 16*l - 10*l - 8 - 5*l - 15 - 9. Calculate a(5).
-27
Let o(f) = 16*f + 16. Suppose 43*g = -33 + 13 - 23. What is o(g)?
0
Let r(b) be the first derivative of b**3/3 - b**2 + b - 1. Let a be (-6)/15*(19 + -14). Let k be (-12)/(-12) + (3 + a - 0). Give r(k).
1
Let r(j) = -7*j - 2. Let z(o) = o**3 - 4*o**2 - 37*o + 51. Let h be z(7). Let v = h + 59. Calculate r(v).
12
Let g(h) = -91*h + 1. Let y be 5 + -3 + (-7 - 6*(-12)/18). What is g(y)?
92
Let d(t) be the first derivative of t**4/4 + t**3/3 - 2*t**2 - 4*t - 153. Let z(o) = -5*o**3 - 6*o**2 + 17*o + 18. Let k(x) = 9*d(x) + 2*z(x). Calculate k(-2).
0
Let j(k) = -2*k + 2. Let b = -30 + 30. Suppose 18 = -3*g + 4*x, b*x + 2*x + 30 = -5*g. Let t = g - -11. Determine j(t).
-8
Suppose -1157*y + 260 = -1209*y. Let s(v) = -4*v + 2. Determine s(y).
22
Let j(h) = 2*h**2 - h. Let a be 4 + (-4)/(-4) + -4. Let r be j(a). Let z(v) = 11*v**2 + 1 - 9*v**2 + r - 7*v. Give z(5).
17
Let t(m) be the first derivative of 1/8*m**4 + 0*m**2 + 1/40*m**5 + 4 + 1/360*m**6 + 0*m - 4*m**3. Let w(g) be the third derivative of t(g). Give w(-4).
7
Let b(t) = 4*t**2 + 26*t + 34. Let n be b(-5). Let j(v) = 16*v - 44. What is j(n)?
20
Let k(h) = h**3 - h**2 - 8*h - 5. Let x(q) = -q**2 - q - 1. Let z(r) = -k(r) + 5*x(r). Let d be (-16)/16*((-324)/(-27) + -7). Calculate z(d).
10
Suppose -5*i = 0, 15*i = 3*n + 13*i - 27. Let r(q) = -4*q + 17. What is r(n)?
-19
Suppose 0*u - 96 = -2*u. Let k = 58 - u. Suppose -10*s - k = -8*s. Let t(q) = q + 8. What is t(s)?
3
Suppose 3*u = -2*q - 71, 28*u - 32*u = 3*q + 96. Let t(b) = 2*b**2 + 43*b - 28. Calculate t(u).
-49
Let x(k) = k**3 - 3*k**2 - 8*k + 7. Let g be x(5). Suppose 0 = g*q - 11*q - 18. Let h(y) = -3*y + 6*y + y - 1 - q*y - 5*y**2. Determine h(1).
-5
Let z(v) = 3*v**3 + 6*v**2 - 8*v - 7. Let o(m) = 7*m**3 + 11*m**2 - 16*m - 15. Let r(s) = -2*o(s) + 5*z(s). Suppose h - 21 = -30. Calculate r(h).
-14
Let c(f) be the third derivative of -f**4/24 + f**3 + 8936*f**2. Let p(z) = -10*z + 1. Let h be p(-1). Give c(h).
-5
Suppose g + 14 = 8. Let z(n) = 29 - 11*n + 26 - 2*n**2 - 81 + 28. Calculate z(g).
-4
Suppose 1 = 7*a + 8. Suppose 2*z - 36 = -2*t, -4*t - 2*z = -23 - 47. Let k(v) = -2*v - 14*v**2 + t*v**2 + 2*v. What is k(a)?
3
Let c(m) = m**3 - 12*m**2 - 29*m + 29. Suppose -30*q + 56 = 4*d - 32*q, -d - 2*q = -14. Give c(d).
15
Let c be 55/22*8/10. Suppose 0 = 2*r - c*k - 0 + 2, 15 = 5*r + 5*k. Suppose -10*z = -11*z + r. Let i(v) = 3*v**3 + 2*v**2 - v. What is i(z)?
4
Let a(g) = -g + 103. Let y(h) = -h + 302. Let n(d) = -15*a(d) + 5*y(d). Calculate n(3).
-5
Suppose 0 = -3*l + i + 7, -3*l - i + 4*i = -9. Let k(r) = 13 + l*r - 4 - 6 - 6. Determine k(4).
5
Suppose 0 = -3*n - 5*b - 21, -5*n - 35 = -514*b + 518*b. Let j(h) = h**3 + 7*h**2 + 2*h + 10. Determine j(n).
-4
Let v(d) be the second derivative of 1/12*d**4 + 0 - 3*d**2 + 5/3*d**3 - 80*d. Give v(-10).
-6
Let q(i) = 14*i**2 - 38*i - 262. Let v(n) = n**2 - 2*n - 17. Let h(d) = -q(d) + 15*v(d). Determine h(-6).
-5
Suppose -4*t = 1 - 5. Let o(w) = 0 + 7 - 3*w - 3. Let x(z) = -2*z + 3. Let s(y) = 3*o(y) - 4*x(y). Determine s(t).
-1
Let v = -10 - -5. Let f be (-3)/15 + (0 - 32/(-10)). Let l(i) = -18 - 6*i**2 - i**f - i**2 + 11 + i**2 - 6*i. What is l(v)?
-2
Let x(f) be the third derivative of f**3/2 + 15*f**2. Let t(b) = 2*b - 2. Let s(v) = 3*t(v) + 4*x(v). Determine s(5).
36
Suppose 5*o + p = -2 - 1, -3*o = 5*p + 15. Suppose 0*y - 4*y + 4*v + 44 = o, 7 = y + v. Let g(q) = -12*q**2 + 3 + y*q**2 + 2 - 6 - 3*q. Calculate g(-2).
-7
Let p(m) = 2*m**2 + 6*m + 5. Let z(j) = j + 4. Let s be z(7). Suppose 4*y - r + 4 = s, 9 = -3*r. Suppose -x + 2*t + 5 = -y, -4*t - 24 = x. Determine p(x).
13
Let b(l) = -3*l**2 - 9*l. Let n(h) = 2*h**2 + 7*h. Let f(t) = t**3 + 11*t**2 + 13*t - 41. Let y be f(-9). Let d(v) = y*n(v) + 3*b(v). Give d(4).
-12
Suppose 19*r - 464 = -388. Let j(q) = -16*q. What is j(r)?
-64
Let t(s) = -s**2 + s. Let z(q) = -3*q**2 - 2*q - 1. Let o(m) = -t(m) - z(m). Let i be 8/56 + (-180)/84. Determine o(i).
15
Let p(j) = 307*j - 53. Let q(i) = -279*i + 51. Let l(g) = 10*p(g) + 11*q(g). Calculate l(-15).
16
Let o(v) = 5*v + 5. Let q be (18/4 + (-10)/20)/(-2). Let g(n) = 4*n**2 + 8*n + 2. Let t be g(q). Let z be t/((-4)/(-16)*-2). Determine o(z).
-15
Let d(i) = -9*i**2 + 4*i + 9. Suppose -78*r - 333 = 84*r - 9. Determine d(r).
-35
Let b(q) = -q**2 - 9*q - 17. Suppose -6*a + 1760 - 1796 = 0. What is b(a)?
1
Let d(t) = -4*t - 2*t - 4 + 4. Suppose 7*a + 183 = 68*a. Determine d(a).
-18
Let c(w) = 4*w**2 - 225*w - 1225. Let y be c(-5). Suppose -58 + 2 = -2*j. Suppose y = -q + j - 24. Let d(l) = -l**3 + 4*l**2 - 6*l + 1. Calculate d(q).
-23
Let o(r) = -34*r**3 - 1. Suppose -u - 4*s + 71 = 0, 4*u - 2*s - 3*s = 284. Suppose 77*d - u*d - 6 = 0. What is o(d)?
-35
Let x(j) = j**3 + 22*j**2 - 50*j - 10. Let w(v) = v**3 - 19*v**2 - 48*v + 536. Let r be w(20). Give x(r).
38
Let c(g) be the second derivative of g**4/12 + 8*g**3/3 - 10*g**2 + 89484*g. Let v = 22 - 39. What is c(v)?
-3
Let c(v) = 2*v**3 + 3. Let y(s) = -10*s**3 + 25*s**2 - 11*s - 16. Let l(h) = -4*c(h) - y(h). What is l(12)?
-8
Let u(d) = 84*d - 404. Suppose -8*w + 615 = 575. Determine u(w).
16
Suppose 43 = 5*h - 956*y + 952*y, -5*h + 46 = -3*y. Let r(z) be the second derivative of z**5/20 - 11*z**4/12 - z**3/6 + 15*z**2/2 - z. Determine r(h).
4
Let j(t) = 10*t + 13*t + 0*t + 87 + 4*t - t. Give j(-3).
9
Let q(d) be the third derivative of -d**5/60 + d**4/8 + d**3/2 - 5079*d**2 - 2*d. Give q(6).
-15
Suppose 3*z - 6 = -9. Let j(n) be the third derivative of -11*n**5/60 + n**4/12 + n**3/6 + 111*n**2 - 2. Give j(z).
-12
Let n be 